{"id":567,"date":"2024-12-23T10:51:23","date_gmt":"2024-12-23T10:51:23","guid":{"rendered":"https:\/\/dsg1988.de\/?page_id=567"},"modified":"2026-01-02T11:18:55","modified_gmt":"2026-01-02T11:18:55","slug":"jujutsu-selbstverteidigung-fuer-kinder","status":"publish","type":"page","link":"https:\/\/dsg1988.de\/?page_id=567","title":{"rendered":"Jujutsu &#8211; Selbstverteidigung f\u00fcr Kinder"},"content":{"rendered":"\n<h2 class=\"wp-block-heading\">Jujutsu &#8211; was ist das?<\/h2>\n\n\n\n<div class=\"wp-block-media-text is-stacked-on-mobile\"><figure class=\"wp-block-media-text__media\"><img decoding=\"async\" loading=\"lazy\" width=\"1024\" height=\"683\" src=\"https:\/\/dsg1988.de\/wp-content\/uploads\/2025\/08\/WhatsApp-Bild-2025-06-29-um-17.49.13_81074c87-1024x683.jpg\" alt=\"\" class=\"wp-image-710 size-full\" srcset=\"https:\/\/dsg1988.de\/wp-content\/uploads\/2025\/08\/WhatsApp-Bild-2025-06-29-um-17.49.13_81074c87-1024x683.jpg 1024w, https:\/\/dsg1988.de\/wp-content\/uploads\/2025\/08\/WhatsApp-Bild-2025-06-29-um-17.49.13_81074c87-300x200.jpg 300w, https:\/\/dsg1988.de\/wp-content\/uploads\/2025\/08\/WhatsApp-Bild-2025-06-29-um-17.49.13_81074c87-768x512.jpg 768w, https:\/\/dsg1988.de\/wp-content\/uploads\/2025\/08\/WhatsApp-Bild-2025-06-29-um-17.49.13_81074c87-1536x1024.jpg 1536w, https:\/\/dsg1988.de\/wp-content\/uploads\/2025\/08\/WhatsApp-Bild-2025-06-29-um-17.49.13_81074c87.jpg 1600w\" sizes=\"(max-width: 1024px) 100vw, 1024px\" \/><\/figure><div class=\"wp-block-media-text__content\">\n<p>Jujutsu ist eine vielseitige Kampfsportart, die auf traditionellen japanischen Techniken basiert und wurde in Deutschland f\u00fcr die moderne Selbstverteidigung weiterentwickelt. Kinder im Alter ab 6 Jahren k\u00f6nnen bei uns spielerisch lernen, wie sie sich in verschiedenen Situationen sicher und selbstbewusst verhalten.<\/p>\n\n\n\n<p>Unser Training f\u00f6rdert nicht nur die k\u00f6rperliche Fitness, sondern auch wichtige F\u00e4higkeiten wie Koordination, Beweglichkeit und Konzentration. Die Kinder \u00fcben, wie sie sich selbst sch\u00fctzen k\u00f6nnen, ohne dabei aggressiv zu handeln. Dabei legen wir gro\u00dfen Wert auf Teamgeist, Respekt und einen verantwortungsbewussten Umgang mit den erlernten Techniken.<\/p>\n<\/div><\/div>\n\n\n\n<p>In einer entspannten und freundlichen Atmosph\u00e4re vermitteln wir den Kindern praktische Verteidigungstechniken, st\u00e4rken ihr Selbstbewusstsein und schulen gleichzeitig ihre Achtsamkeit im Umgang mit anderen.<\/p>\n\n\n\n<p>M\u00f6chten Sie Ihrem Kind die M\u00f6glichkeit geben, Jujutsu auszuprobieren? Ein unverbindliches Probetraining ist jederzeit m\u00f6glich \u2013 wir freuen uns, Ihr Kind bei uns willkommen zu hei\u00dfen!<\/p>\n\n\n\n<p><\/p>\n\n\n\n<h2 class=\"wp-block-heading\">Unsere Trainer<\/h2>\n\n\n\n<p>Das Training wird geleitet von Nicole Gaa (Selbstverteidigung \/ Wing Tsun) und Elias Thiel (Jujutsu \/ Judo).<\/p>\n\n\n\n<div class=\"wp-block-media-text is-stacked-on-mobile\" style=\"grid-template-columns:15% auto\"><figure class=\"wp-block-media-text__media\"><img decoding=\"async\" loading=\"lazy\" width=\"415\" height=\"553\" src=\"https:\/\/dsg1988.de\/wp-content\/uploads\/2024\/12\/IMG_4294-edited.jpeg\" alt=\"\" class=\"wp-image-568 size-full\" srcset=\"https:\/\/dsg1988.de\/wp-content\/uploads\/2024\/12\/IMG_4294-edited.jpeg 415w, https:\/\/dsg1988.de\/wp-content\/uploads\/2024\/12\/IMG_4294-edited-225x300.jpeg 225w\" sizes=\"(max-width: 415px) 100vw, 415px\" \/><\/figure><div class=\"wp-block-media-text__content\">\n<p>Nicole Gaa ist seit 2016 bei der Sportgemeinschaft. Sie ist Selbstverteidigungslehrerin mit Hintergrund in Judo, Jujutsu und Wing Tsun. <\/p>\n\n\n\n<p>Elias Thiel ist Jujutsu-Trainer mit zus\u00e4tzlicher Erfahrung im Judo. <\/p>\n<\/div><\/div>\n\n\n\n<h2 class=\"wp-block-heading\">Trainingszeiten<\/h2>\n\n\n\n<p>Wir suchen Mitglieder! Interessenten k\u00f6nnen sich jederzeit unter <strong>kontakt@dsg1988.de<\/strong> anmelden!<\/p>\n\n\n\n<p><strong>Mittwochs 18:00 &#8211; 19:00<\/strong><br>Sporthalle der CJD Berufsschule, Kleybredde 29, 44149 Dortmund<br><br>Bekleidung: Normale Sportbekleidung mit langer Stoffhose und Hoodie. Trainiert wird barfu\u00df. <\/p>\n\n\n\n<p><strong>Kosten<\/strong><br>10 Euro monatlich f\u00fcr die Vereinsmitgliedschaft. <\/p>\n","protected":false},"excerpt":{"rendered":"<p>Jujutsu &#8211; was ist das? Jujutsu ist eine vielseitige Kampfsportart, die auf traditionellen japanischen Techniken basiert und wurde in Deutschland f\u00fcr die moderne Selbstverteidigung weiterentwickelt. Kinder im Alter [&hellip;]<\/p>\n","protected":false},"author":1,"featured_media":0,"parent":0,"menu_order":0,"comment_status":"closed","ping_status":"closed","template":"","meta":{"om_disable_all_campaigns":false,"_monsterinsights_skip_tracking":false,"_monsterinsights_sitenote_active":false,"_monsterinsights_sitenote_note":"","_monsterinsights_sitenote_category":0,"footnotes":""},"aioseo_notices":[],"_links":{"self":[{"href":"https:\/\/dsg1988.de\/index.php?rest_route=\/wp\/v2\/pages\/567"}],"collection":[{"href":"https:\/\/dsg1988.de\/index.php?rest_route=\/wp\/v2\/pages"}],"about":[{"href":"https:\/\/dsg1988.de\/index.php?rest_route=\/wp\/v2\/types\/page"}],"author":[{"embeddable":true,"href":"https:\/\/dsg1988.de\/index.php?rest_route=\/wp\/v2\/users\/1"}],"replies":[{"embeddable":true,"href":"https:\/\/dsg1988.de\/index.php?rest_route=%2Fwp%2Fv2%2Fcomments&post=567"}],"version-history":[{"count":7,"href":"https:\/\/dsg1988.de\/index.php?rest_route=\/wp\/v2\/pages\/567\/revisions"}],"predecessor-version":[{"id":760,"href":"https:\/\/dsg1988.de\/index.php?rest_route=\/wp\/v2\/pages\/567\/revisions\/760"}],"wp:attachment":[{"href":"https:\/\/dsg1988.de\/index.php?rest_route=%2Fwp%2Fv2%2Fmedia&parent=567"}],"curies":[{"name":"wp","href":"https:\/\/api.w.org\/{rel}","templated":true}]}}