{"id":410,"date":"2024-03-17T15:06:38","date_gmt":"2024-03-17T15:06:38","guid":{"rendered":"https:\/\/dsg1988.de\/?page_id=410"},"modified":"2024-12-24T10:51:12","modified_gmt":"2024-12-24T10:51:12","slug":"back-to-black-endlich-schwarzgurt","status":"publish","type":"page","link":"https:\/\/dsg1988.de\/?page_id=410","title":{"rendered":"Back to Black &#8211; Endlich Schwarzgurt"},"content":{"rendered":"\n<p class=\"has-white-color has-primary-background-color has-text-color has-background\"><strong><a href=\"https:\/\/dsg1988.de\/?page_id=36\" data-type=\"page\" data-id=\"36\">Judo-Trainer<\/a> | <a href=\"https:\/\/dsg1988.de\/?page_id=34\" data-type=\"page\" data-id=\"34\">Probetraining<\/a> | <a href=\"https:\/\/dsg1988.de\/?page_id=403\" data-type=\"page\" data-id=\"403\">Asthma-Judo<\/a> | <a href=\"https:\/\/dsg1988.de\/?page_id=410\" data-type=\"page\" data-id=\"410\">Back to Black &#8211; Endllich Schwarzgurt<\/a> | <a href=\"https:\/\/dsg1988.de\/?page_id=57\" data-type=\"page\" data-id=\"57\">FAQ-Judo<\/a> | <a href=\"https:\/\/dsg1988.de\/?page_id=95\" data-type=\"page\" data-id=\"95\">Erfolge und Historie<\/a> | <a href=\"https:\/\/dsg1988.de\/?cat=5\">Latest New<\/a><\/strong><a href=\"https:\/\/dsg1988.de\/?cat=5\">s<\/a><\/p>\n\n\n\n<p><strong>&#8222;Back to Black &#8211; Endlich Schwarzgurt!&#8220;<\/strong><\/p>\n\n\n\n<p>Bist du bereit, deinen Judo-Weg auf die n\u00e4chste Stufe zu heben? Nach Jahren auf dem Braungurt ist es Zeit, dein K\u00f6nnen auf das n\u00e4chste Level zu bringen. <\/p>\n\n\n\n<p>Warum weiterhin auf dem Braungurt verharren, wenn der Schwarzgurt greifbar ist? Manchmal kommt das Leben dazwischen: Zeitmangel, Verletzungen oder sogar Angst vor der gro\u00dfen Pr\u00fcfung &#8211; nicht zuletzt dem Schreckgespenst &#8222;Kata&#8220;. Die Zeit ist gekommen, deine wahre St\u00e4rke zu zeigen:<\/p>\n\n\n\n<p>Unser Training ist darauf ausgerichtet, dich optimal auf die Herausforderungen des Schwarzgurt-Pr\u00fcfungsprogramms vorzubereiten. Von technischer Perfektion bis zur mentalen Ausdauer werden wir dich unterst\u00fctzen, damit du mit Zuversicht und Entschlossenheit die Pr\u00fcfung angehen kannst. Daf\u00fcr stehen dir unsere Dan-Trainer zur Verf\u00fcgung, die genau dasselbe durchgemacht haben! Schwarzgurt zu werden ist vielseitig und macht Spa\u00df!<\/p>\n\n\n\n<p>Also, worauf wartest du noch? Lass uns gemeinsam den Weg zum Schwarzgurt antreten. Mit &#8222;Back to Black &#8211; Endlich Schwarzgurt!&#8220; wirst du nicht nur deine Ziele erreichen, sondern auch eine neue Ebene des Selbstvertrauens und der Meisterschaft im Judo erreichen. Mach den ersten Schritt und melde dich noch heute an!<\/p>\n\n\n\n<hr class=\"wp-block-separator has-alpha-channel-opacity\"\/>\n\n\n\n<p><strong>Trainingszeiten<\/strong><\/p>\n\n\n\n<p>Mittwochs 19:00-20:30<br>Samstags 12:00-13:30<br>Weitere Trainingsm\u00f6glichkeiten nach Absprache. <br><br>F\u00fcr Vereinsmitglieder kostenlos.<br>Ansonsten bitten wir monatlich im Voraus um eine Spende in die Mannschaftskasse von 10 Euro.<br><br>F\u00fcr &#8222;Back-to-Black&#8220; bitten wir um vorherige Anmeldung unter <strong>kontakt@dsg1988.de<\/strong>. Gemeinsames Training mit dem Pr\u00fcfungspartner ist sinnvoll!<\/p>\n\n\n\n<hr class=\"wp-block-separator has-alpha-channel-opacity\"\/>\n\n\n\n<div class=\"wp-block-media-text is-stacked-on-mobile\"><figure class=\"wp-block-media-text__media\"><img decoding=\"async\" loading=\"lazy\" width=\"1024\" height=\"769\" src=\"https:\/\/dsg1988.de\/wp-content\/uploads\/2023\/10\/P1220314-1024x769.jpg\" alt=\"\" class=\"wp-image-107 size-full\" srcset=\"https:\/\/dsg1988.de\/wp-content\/uploads\/2023\/10\/P1220314-1024x769.jpg 1024w, https:\/\/dsg1988.de\/wp-content\/uploads\/2023\/10\/P1220314-300x225.jpg 300w, https:\/\/dsg1988.de\/wp-content\/uploads\/2023\/10\/P1220314-768x577.jpg 768w, https:\/\/dsg1988.de\/wp-content\/uploads\/2023\/10\/P1220314-1536x1154.jpg 1536w, https:\/\/dsg1988.de\/wp-content\/uploads\/2023\/10\/P1220314.jpg 1837w\" sizes=\"(max-width: 1024px) 100vw, 1024px\" \/><\/figure><div class=\"wp-block-media-text__content\">\n<p>Die frischgebackenen Dantr\u00e4ger Matthias Buchheit und Jessica Mischek mit ihren stolzen Trainern. <\/p>\n<\/div><\/div>\n","protected":false},"excerpt":{"rendered":"<p>Judo-Trainer | Probetraining | Asthma-Judo | Back to Black &#8211; Endllich Schwarzgurt | FAQ-Judo | Erfolge und Historie | Latest News &#8222;Back to Black &#8211; Endlich Schwarzgurt!&#8220; Bist [&hellip;]<\/p>\n","protected":false},"author":1,"featured_media":0,"parent":0,"menu_order":0,"comment_status":"closed","ping_status":"closed","template":"","meta":{"om_disable_all_campaigns":false,"_monsterinsights_skip_tracking":false,"_monsterinsights_sitenote_active":false,"_monsterinsights_sitenote_note":"","_monsterinsights_sitenote_category":0,"footnotes":""},"aioseo_notices":[],"_links":{"self":[{"href":"https:\/\/dsg1988.de\/index.php?rest_route=\/wp\/v2\/pages\/410"}],"collection":[{"href":"https:\/\/dsg1988.de\/index.php?rest_route=\/wp\/v2\/pages"}],"about":[{"href":"https:\/\/dsg1988.de\/index.php?rest_route=\/wp\/v2\/types\/page"}],"author":[{"embeddable":true,"href":"https:\/\/dsg1988.de\/index.php?rest_route=\/wp\/v2\/users\/1"}],"replies":[{"embeddable":true,"href":"https:\/\/dsg1988.de\/index.php?rest_route=%2Fwp%2Fv2%2Fcomments&post=410"}],"version-history":[{"count":7,"href":"https:\/\/dsg1988.de\/index.php?rest_route=\/wp\/v2\/pages\/410\/revisions"}],"predecessor-version":[{"id":593,"href":"https:\/\/dsg1988.de\/index.php?rest_route=\/wp\/v2\/pages\/410\/revisions\/593"}],"wp:attachment":[{"href":"https:\/\/dsg1988.de\/index.php?rest_route=%2Fwp%2Fv2%2Fmedia&parent=410"}],"curies":[{"name":"wp","href":"https:\/\/api.w.org\/{rel}","templated":true}]}}