{"id":225,"date":"2023-10-06T18:49:29","date_gmt":"2023-10-06T18:49:29","guid":{"rendered":"https:\/\/dsg1988.de\/?page_id=225"},"modified":"2025-06-05T16:07:44","modified_gmt":"2025-06-05T16:07:44","slug":"historie-von-chorcolores","status":"publish","type":"page","link":"https:\/\/dsg1988.de\/?page_id=225","title":{"rendered":"Historie von Chorcolores"},"content":{"rendered":"\n<p class=\"has-white-color has-pale-cyan-blue-background-color has-text-color has-background\"><strong><a href=\"https:\/\/dsg1988.de\/?page_id=233\" data-type=\"page\" data-id=\"233\">Buche Chorcolores<\/a> | <a href=\"https:\/\/dsg1988.de\/?page_id=230\" data-type=\"page\" data-id=\"230\">Werde Mitglied! <\/a>| <a href=\"https:\/\/dsg1988.de\/?page_id=225\" data-type=\"page\" data-id=\"225\">Historie von Chorcolores<\/a><\/strong><\/p>\n\n\n\n<figure class=\"wp-block-gallery has-nested-images columns-default is-cropped wp-block-gallery-1 is-layout-flex wp-block-gallery-is-layout-flex\">\n<figure class=\"wp-block-image size-large\"><img decoding=\"async\" loading=\"lazy\" width=\"1024\" height=\"683\" data-id=\"684\" src=\"https:\/\/dsg1988.de\/wp-content\/uploads\/2025\/06\/Chorcolores-Motiv-4_03-gut1-1024x683.jpg\" alt=\"\" class=\"wp-image-684\" srcset=\"https:\/\/dsg1988.de\/wp-content\/uploads\/2025\/06\/Chorcolores-Motiv-4_03-gut1-1024x683.jpg 1024w, https:\/\/dsg1988.de\/wp-content\/uploads\/2025\/06\/Chorcolores-Motiv-4_03-gut1-300x200.jpg 300w, https:\/\/dsg1988.de\/wp-content\/uploads\/2025\/06\/Chorcolores-Motiv-4_03-gut1-768x512.jpg 768w, https:\/\/dsg1988.de\/wp-content\/uploads\/2025\/06\/Chorcolores-Motiv-4_03-gut1-1536x1024.jpg 1536w, https:\/\/dsg1988.de\/wp-content\/uploads\/2025\/06\/Chorcolores-Motiv-4_03-gut1-2048x1365.jpg 2048w\" sizes=\"(max-width: 1024px) 100vw, 1024px\" \/><\/figure>\n\n\n\n<figure class=\"wp-block-image size-large\"><img decoding=\"async\" loading=\"lazy\" width=\"1024\" height=\"726\" data-id=\"685\" src=\"https:\/\/dsg1988.de\/wp-content\/uploads\/2025\/06\/Annette-Linke_Portraitfoto-von_Anja_Cord-1024x726.jpg\" alt=\"\" class=\"wp-image-685\" srcset=\"https:\/\/dsg1988.de\/wp-content\/uploads\/2025\/06\/Annette-Linke_Portraitfoto-von_Anja_Cord-1024x726.jpg 1024w, https:\/\/dsg1988.de\/wp-content\/uploads\/2025\/06\/Annette-Linke_Portraitfoto-von_Anja_Cord-300x213.jpg 300w, https:\/\/dsg1988.de\/wp-content\/uploads\/2025\/06\/Annette-Linke_Portraitfoto-von_Anja_Cord-768x545.jpg 768w, https:\/\/dsg1988.de\/wp-content\/uploads\/2025\/06\/Annette-Linke_Portraitfoto-von_Anja_Cord-1536x1089.jpg 1536w, https:\/\/dsg1988.de\/wp-content\/uploads\/2025\/06\/Annette-Linke_Portraitfoto-von_Anja_Cord-2048x1452.jpg 2048w\" sizes=\"(max-width: 1024px) 100vw, 1024px\" \/><\/figure>\n\n\n\n<figure class=\"wp-block-image size-large\"><img decoding=\"async\" loading=\"lazy\" width=\"1024\" height=\"683\" data-id=\"689\" src=\"https:\/\/dsg1988.de\/wp-content\/uploads\/2025\/06\/Chorcolores-Motiv-3_06-1024x683.jpg\" alt=\"\" class=\"wp-image-689\" srcset=\"https:\/\/dsg1988.de\/wp-content\/uploads\/2025\/06\/Chorcolores-Motiv-3_06-1024x683.jpg 1024w, https:\/\/dsg1988.de\/wp-content\/uploads\/2025\/06\/Chorcolores-Motiv-3_06-300x200.jpg 300w, https:\/\/dsg1988.de\/wp-content\/uploads\/2025\/06\/Chorcolores-Motiv-3_06-768x512.jpg 768w, https:\/\/dsg1988.de\/wp-content\/uploads\/2025\/06\/Chorcolores-Motiv-3_06-1536x1024.jpg 1536w, https:\/\/dsg1988.de\/wp-content\/uploads\/2025\/06\/Chorcolores-Motiv-3_06-2048x1365.jpg 2048w\" sizes=\"(max-width: 1024px) 100vw, 1024px\" \/><\/figure>\n\n\n\n<figure class=\"wp-block-image size-large\"><img decoding=\"async\" loading=\"lazy\" width=\"1024\" height=\"683\" data-id=\"687\" src=\"https:\/\/dsg1988.de\/wp-content\/uploads\/2025\/06\/Chorcolores-Motiv-2_04-1024x683.jpg\" alt=\"\" class=\"wp-image-687\" srcset=\"https:\/\/dsg1988.de\/wp-content\/uploads\/2025\/06\/Chorcolores-Motiv-2_04-1024x683.jpg 1024w, https:\/\/dsg1988.de\/wp-content\/uploads\/2025\/06\/Chorcolores-Motiv-2_04-300x200.jpg 300w, https:\/\/dsg1988.de\/wp-content\/uploads\/2025\/06\/Chorcolores-Motiv-2_04-768x512.jpg 768w, https:\/\/dsg1988.de\/wp-content\/uploads\/2025\/06\/Chorcolores-Motiv-2_04-1536x1024.jpg 1536w, https:\/\/dsg1988.de\/wp-content\/uploads\/2025\/06\/Chorcolores-Motiv-2_04-2048x1365.jpg 2048w\" sizes=\"(max-width: 1024px) 100vw, 1024px\" \/><\/figure>\n<\/figure>\n\n\n\n<h3 class=\"wp-block-heading\"><strong>R\u00fcckblick &#8211; von den Anf\u00e4ngen bis heute<\/strong><\/h3>\n\n\n\n<p>Die Geschichte des A-Capella-Chores beginnt im Jahr 1986. Damals gab es keinen Chor in Dortmund, der den Musikgeschmack der j\u00fcngeren Generation abbildete. Die erste Chorprobe fand im April 1986 unter der Leitung von Norbert Kalina statt. Damals hie\u00df der Chor noch &#8222;Jugendchor Oespel&#8220;, anfangs als Jugendabteilung des Volkschores Oespel, sp\u00e4ter dann unter dem Dach des CJD. Seine erste Auszeichnung erlangte der junge Chor bei den musischen Festtagen des CJD Deutschland in Ludwigsburg. <\/p>\n\n\n\n<p>In den 90er Jahren begann sich der Chor in der Dortmunder Chorlandschaft zu etablieren. Es gab viele Auftritte und ein Konzert zum 10-j\u00e4hrigen Bestehen. Mittlerweile bestand der Chor aus mehr als 30 Personen. Zum Ende der 90er Jahre \u00fcbernahm Roger Trost die Chorleitung. Unter seiner Leitung stieg die Zahl der Mitglieder zeitweise auf \u00fcber 50 Mitglieder. 1997 gab sich der Chor dann seinen endg\u00fcltigen Namen &#8222;Chorcolores&#8220;. Dieser steht bis heute f\u00fcr die Vielf\u00e4ltigkeit, die wir in jeder Hinsicht verk\u00f6rpern. Es folgten bis Anfang der 2000er Jahre viele verschiedene Konzerte in Dortmund und Umgebung, oft mit anderen Ch\u00f6ren zusammen.<\/p>\n\n\n\n<p>Besondere H\u00f6hepunkte in unserer Geschichte sind die Auslandsfahrten in die Schweiz (Oktober 2000) und ins Elsass (Frankreich, 2003).<br>Im Jahre 2004 folgte unter dem neuen Chorleiter Bob Slavenberg im November die erste CD unter dem Titel \u201cJoy to the World \u201c. International wurde Chorcolores im Oktober 2005 mit einem Konzert in den Niederlanden. In den Jahren 2006 bis 2011 wurde Chorcolores von Frank Scholzen geleitet. In dieser Zeit wurde der Chor sehr stark gefordert. Es gab Auftritte z.B.: Festival der Stimmen und einige Konzerte im CJD Dortmund.<br>Im M\u00e4rz 2009 nahm Chorcolores in K\u00f6ln am Leistungssingen des Chorverbandes NRW teil. Diese Teilnahme brachte dem Chor in der Kategorie C den Titel Leistungschor 2009 ein. Im Jahre 2012 kam Cornelius Berger als neuer Chorleiter. Auch hier wurde die Tradition der Konzertteilnahmen in Dortmund und Umgebung weitergef\u00fchrt. Der gr\u00f6\u00dfte Erfolg unter seiner Leitung war der Erwerb des Titels \u201cLeistungschor im Chorverband\u201d durch die Teilnahme beim Sing &amp; Swing Festival in Werl im September 2013.<br>Im Jahr 2014 geriet der Chor durch den Weggang einiger langj\u00e4hriger Mitglieder in eine Krise. Der ehemalige Chorleiter Roger Trost erkl\u00e4rte sich bereit, den Chor erneut zu leiten. Neue Mitglieder konnten gewonnen werden und Traditionen wurden weiter gef\u00fchrt. So konnte es also weitergehen mit den traditionsreichen Auftritten in Dortmund und Umgebung. Das 30-j\u00e4hrige Bestehen des Chores feierte Chorcolores zusammen mit den Bl\u00e4sern von 367 Hertz ebenfalls unter der Leitung von Roger Trost. Als Teil eines gemeinn\u00fctzigen Vereines waren uns auch soziale Auftritte, z.B. in Altenheimen immer wichtig. <br>Zu Beginn der 2020er Jahre gab es einige einschneidende Ereignisse. So hat sich das CJD als Dachverband von uns getrennt. Seitdem singen wir weiterhin unter dem Namen Chorcolores als Teil der Dortmunder Sportgemeinschaft 1988. Auch Corona hat die Arbeit eines Chores sehr<br>schwer bis unm\u00f6glich gemacht und doch hat Chorcolores es geschafft, diese Krisen zu \u00fcberstehen.<br>Seit 2023 sind wir wieder in Dortmund und Umgebung mit einigen kleinen Auftritten, wie auch eigenen Konzerten, aktiv.<br>Heute besteht Chorcolores aus 34 aktiven S\u00e4ngerinnen und S\u00e4ngern und ist nach wie vor als A-Capella Chor bekannt.<\/p>\n\n\n\n<p><br>Als letztes verbliebenes Gr\u00fcndungsmitglied von 1986 singt Rolf Massing seit fast 40 Jahren auch heute noch im Bass. Der Chor wird seit September 2024 von der geb\u00fcrtigen Hamburgerin Annette Linke geleitet. Seitdem ist der Chor dabei, sich ein neues Repertoire aufzubauen und sich neu zu pr\u00e4sentieren.<br>Nach Abschluss ihres Gesangsstudiums f\u00fchrte Annette Linke ein festes Engagement an die St\u00e4dtischen B\u00fchnen Osnabr\u00fcck. Im Jahre 1999 machte sie sich als S\u00e4ngerin selbstst\u00e4ndig und trat zusammen mit ihrem 2000 gegr\u00fcndeten Ensemble \u201cLe Duo\u201d in Funk und Fernsehen, zahlreichen Theatern sowie f\u00fcr gro\u00dfe Firmen in ganz Deutschland auf. Ihre beliebten Auftritte auf dem ehemaligen ZDF Traumschiff f\u00fchrte sie um die halbe Welt. Wir sind froh, Annette f\u00fcr uns gewonnen zu haben!<\/p>\n\n\n\n<p><\/p>\n\n\n\n<p><\/p>\n\n\n\n<p><\/p>\n","protected":false},"excerpt":{"rendered":"<p>Buche Chorcolores | Werde Mitglied! | Historie von Chorcolores R\u00fcckblick &#8211; von den Anf\u00e4ngen bis heute Die Geschichte des A-Capella-Chores beginnt im Jahr 1986. Damals gab es keinen [&hellip;]<\/p>\n","protected":false},"author":1,"featured_media":0,"parent":0,"menu_order":0,"comment_status":"closed","ping_status":"closed","template":"","meta":{"om_disable_all_campaigns":false,"_monsterinsights_skip_tracking":false,"_monsterinsights_sitenote_active":false,"_monsterinsights_sitenote_note":"","_monsterinsights_sitenote_category":0,"footnotes":""},"aioseo_notices":[],"_links":{"self":[{"href":"https:\/\/dsg1988.de\/index.php?rest_route=\/wp\/v2\/pages\/225"}],"collection":[{"href":"https:\/\/dsg1988.de\/index.php?rest_route=\/wp\/v2\/pages"}],"about":[{"href":"https:\/\/dsg1988.de\/index.php?rest_route=\/wp\/v2\/types\/page"}],"author":[{"embeddable":true,"href":"https:\/\/dsg1988.de\/index.php?rest_route=\/wp\/v2\/users\/1"}],"replies":[{"embeddable":true,"href":"https:\/\/dsg1988.de\/index.php?rest_route=%2Fwp%2Fv2%2Fcomments&post=225"}],"version-history":[{"count":10,"href":"https:\/\/dsg1988.de\/index.php?rest_route=\/wp\/v2\/pages\/225\/revisions"}],"predecessor-version":[{"id":690,"href":"https:\/\/dsg1988.de\/index.php?rest_route=\/wp\/v2\/pages\/225\/revisions\/690"}],"wp:attachment":[{"href":"https:\/\/dsg1988.de\/index.php?rest_route=%2Fwp%2Fv2%2Fmedia&parent=225"}],"curies":[{"name":"wp","href":"https:\/\/api.w.org\/{rel}","templated":true}]}}

<p class="has-white-color has-pale-cyan-blue-background-color has-text-color has-background"><strong><a href="https://dsg1988.de/?page_id=233" data-type="page" data-id="233">Buche Chorcolores</a> | <a href="https://dsg1988.de/?page_id=230" data-type="page" data-id="230">Werde Mitglied! </a>| <a href="https://dsg1988.de/?page_id=225" data-type="page" data-id="225">Historie von Chorcolores</a></strong></p>



<figure class="wp-block-gallery has-nested-images columns-default is-cropped wp-block-gallery-1 is-layout-flex wp-block-gallery-is-layout-flex">
<figure class="wp-block-image size-large"><img decoding="async" loading="lazy" width="1024" height="683" data-id="684" src="https://dsg1988.de/wp-content/uploads/2025/06/Chorcolores-Motiv-4_03-gut1-1024x683.jpg" alt="" class="wp-image-684" srcset="https://dsg1988.de/wp-content/uploads/2025/06/Chorcolores-Motiv-4_03-gut1-1024x683.jpg 1024w, https://dsg1988.de/wp-content/uploads/2025/06/Chorcolores-Motiv-4_03-gut1-300x200.jpg 300w, https://dsg1988.de/wp-content/uploads/2025/06/Chorcolores-Motiv-4_03-gut1-768x512.jpg 768w, https://dsg1988.de/wp-content/uploads/2025/06/Chorcolores-Motiv-4_03-gut1-1536x1024.jpg 1536w, https://dsg1988.de/wp-content/uploads/2025/06/Chorcolores-Motiv-4_03-gut1-2048x1365.jpg 2048w" sizes="(max-width: 1024px) 100vw, 1024px" /></figure>



<figure class="wp-block-image size-large"><img decoding="async" loading="lazy" width="1024" height="726" data-id="685" src="https://dsg1988.de/wp-content/uploads/2025/06/Annette-Linke_Portraitfoto-von_Anja_Cord-1024x726.jpg" alt="" class="wp-image-685" srcset="https://dsg1988.de/wp-content/uploads/2025/06/Annette-Linke_Portraitfoto-von_Anja_Cord-1024x726.jpg 1024w, https://dsg1988.de/wp-content/uploads/2025/06/Annette-Linke_Portraitfoto-von_Anja_Cord-300x213.jpg 300w, https://dsg1988.de/wp-content/uploads/2025/06/Annette-Linke_Portraitfoto-von_Anja_Cord-768x545.jpg 768w, https://dsg1988.de/wp-content/uploads/2025/06/Annette-Linke_Portraitfoto-von_Anja_Cord-1536x1089.jpg 1536w, https://dsg1988.de/wp-content/uploads/2025/06/Annette-Linke_Portraitfoto-von_Anja_Cord-2048x1452.jpg 2048w" sizes="(max-width: 1024px) 100vw, 1024px" /></figure>



<figure class="wp-block-image size-large"><img decoding="async" loading="lazy" width="1024" height="683" data-id="689" src="https://dsg1988.de/wp-content/uploads/2025/06/Chorcolores-Motiv-3_06-1024x683.jpg" alt="" class="wp-image-689" srcset="https://dsg1988.de/wp-content/uploads/2025/06/Chorcolores-Motiv-3_06-1024x683.jpg 1024w, https://dsg1988.de/wp-content/uploads/2025/06/Chorcolores-Motiv-3_06-300x200.jpg 300w, https://dsg1988.de/wp-content/uploads/2025/06/Chorcolores-Motiv-3_06-768x512.jpg 768w, https://dsg1988.de/wp-content/uploads/2025/06/Chorcolores-Motiv-3_06-1536x1024.jpg 1536w, https://dsg1988.de/wp-content/uploads/2025/06/Chorcolores-Motiv-3_06-2048x1365.jpg 2048w" sizes="(max-width: 1024px) 100vw, 1024px" /></figure>



<figure class="wp-block-image size-large"><img decoding="async" loading="lazy" width="1024" height="683" data-id="687" src="https://dsg1988.de/wp-content/uploads/2025/06/Chorcolores-Motiv-2_04-1024x683.jpg" alt="" class="wp-image-687" srcset="https://dsg1988.de/wp-content/uploads/2025/06/Chorcolores-Motiv-2_04-1024x683.jpg 1024w, https://dsg1988.de/wp-content/uploads/2025/06/Chorcolores-Motiv-2_04-300x200.jpg 300w, https://dsg1988.de/wp-content/uploads/2025/06/Chorcolores-Motiv-2_04-768x512.jpg 768w, https://dsg1988.de/wp-content/uploads/2025/06/Chorcolores-Motiv-2_04-1536x1024.jpg 1536w, https://dsg1988.de/wp-content/uploads/2025/06/Chorcolores-Motiv-2_04-2048x1365.jpg 2048w" sizes="(max-width: 1024px) 100vw, 1024px" /></figure>
</figure>



<h3 class="wp-block-heading"><strong>Rückblick &#8211; von den Anfängen bis heute</strong></h3>



<p>Die Geschichte des A-Capella-Chores beginnt im Jahr 1986. Damals gab es keinen Chor in Dortmund, der den Musikgeschmack der jüngeren Generation abbildete. Die erste Chorprobe fand im April 1986 unter der Leitung von Norbert Kalina statt. Damals hieß der Chor noch &#8222;Jugendchor Oespel&#8220;, anfangs als Jugendabteilung des Volkschores Oespel, später dann unter dem Dach des CJD. Seine erste Auszeichnung erlangte der junge Chor bei den musischen Festtagen des CJD Deutschland in Ludwigsburg. </p>



<p>In den 90er Jahren begann sich der Chor in der Dortmunder Chorlandschaft zu etablieren. Es gab viele Auftritte und ein Konzert zum 10-jährigen Bestehen. Mittlerweile bestand der Chor aus mehr als 30 Personen. Zum Ende der 90er Jahre übernahm Roger Trost die Chorleitung. Unter seiner Leitung stieg die Zahl der Mitglieder zeitweise auf über 50 Mitglieder. 1997 gab sich der Chor dann seinen endgültigen Namen &#8222;Chorcolores&#8220;. Dieser steht bis heute für die Vielfältigkeit, die wir in jeder Hinsicht verkörpern. Es folgten bis Anfang der 2000er Jahre viele verschiedene Konzerte in Dortmund und Umgebung, oft mit anderen Chören zusammen.</p>



<p>Besondere Höhepunkte in unserer Geschichte sind die Auslandsfahrten in die Schweiz (Oktober 2000) und ins Elsass (Frankreich, 2003).<br>Im Jahre 2004 folgte unter dem neuen Chorleiter Bob Slavenberg im November die erste CD unter dem Titel “Joy to the World “. International wurde Chorcolores im Oktober 2005 mit einem Konzert in den Niederlanden. In den Jahren 2006 bis 2011 wurde Chorcolores von Frank Scholzen geleitet. In dieser Zeit wurde der Chor sehr stark gefordert. Es gab Auftritte z.B.: Festival der Stimmen und einige Konzerte im CJD Dortmund.<br>Im März 2009 nahm Chorcolores in Köln am Leistungssingen des Chorverbandes NRW teil. Diese Teilnahme brachte dem Chor in der Kategorie C den Titel Leistungschor 2009 ein. Im Jahre 2012 kam Cornelius Berger als neuer Chorleiter. Auch hier wurde die Tradition der Konzertteilnahmen in Dortmund und Umgebung weitergeführt. Der größte Erfolg unter seiner Leitung war der Erwerb des Titels “Leistungschor im Chorverband” durch die Teilnahme beim Sing &amp; Swing Festival in Werl im September 2013.<br>Im Jahr 2014 geriet der Chor durch den Weggang einiger langjähriger Mitglieder in eine Krise. Der ehemalige Chorleiter Roger Trost erklärte sich bereit, den Chor erneut zu leiten. Neue Mitglieder konnten gewonnen werden und Traditionen wurden weiter geführt. So konnte es also weitergehen mit den traditionsreichen Auftritten in Dortmund und Umgebung. Das 30-jährige Bestehen des Chores feierte Chorcolores zusammen mit den Bläsern von 367 Hertz ebenfalls unter der Leitung von Roger Trost. Als Teil eines gemeinnützigen Vereines waren uns auch soziale Auftritte, z.B. in Altenheimen immer wichtig. <br>Zu Beginn der 2020er Jahre gab es einige einschneidende Ereignisse. So hat sich das CJD als Dachverband von uns getrennt. Seitdem singen wir weiterhin unter dem Namen Chorcolores als Teil der Dortmunder Sportgemeinschaft 1988. Auch Corona hat die Arbeit eines Chores sehr<br>schwer bis unmöglich gemacht und doch hat Chorcolores es geschafft, diese Krisen zu überstehen.<br>Seit 2023 sind wir wieder in Dortmund und Umgebung mit einigen kleinen Auftritten, wie auch eigenen Konzerten, aktiv.<br>Heute besteht Chorcolores aus 34 aktiven Sängerinnen und Sängern und ist nach wie vor als A-Capella Chor bekannt.</p>



<p><br>Als letztes verbliebenes Gründungsmitglied von 1986 singt Rolf Massing seit fast 40 Jahren auch heute noch im Bass. Der Chor wird seit September 2024 von der gebürtigen Hamburgerin Annette Linke geleitet. Seitdem ist der Chor dabei, sich ein neues Repertoire aufzubauen und sich neu zu präsentieren.<br>Nach Abschluss ihres Gesangsstudiums führte Annette Linke ein festes Engagement an die Städtischen Bühnen Osnabrück. Im Jahre 1999 machte sie sich als Sängerin selbstständig und trat zusammen mit ihrem 2000 gegründeten Ensemble “Le Duo” in Funk und Fernsehen, zahlreichen Theatern sowie für große Firmen in ganz Deutschland auf. Ihre beliebten Auftritte auf dem ehemaligen ZDF Traumschiff führte sie um die halbe Welt. Wir sind froh, Annette für uns gewonnen zu haben!</p>



<p></p>



<p></p>



<p></p>

<p>Buche Chorcolores | Werde Mitglied! | Historie von Chorcolores Rückblick &#8211; von den Anfängen bis heute Die Geschichte des A-Capella-Chores beginnt im Jahr 1986. Damals gab es keinen [&hellip;]</p>
