{"id":204,"date":"2023-10-06T18:07:48","date_gmt":"2023-10-06T18:07:48","guid":{"rendered":"https:\/\/dsg1988.de\/?page_id=204"},"modified":"2024-04-26T11:04:54","modified_gmt":"2024-04-26T11:04:54","slug":"fussball-jugend-und-erwachsene","status":"publish","type":"page","link":"https:\/\/dsg1988.de\/?page_id=204","title":{"rendered":"Fu\u00dfball (Jugend und Erwachsene)"},"content":{"rendered":"\n<figure class=\"wp-block-image size-large\"><img decoding=\"async\" loading=\"lazy\" width=\"1024\" height=\"768\" src=\"https:\/\/dsg1988.de\/wp-content\/uploads\/2024\/04\/Inet-1024x768.jpg\" alt=\"\" class=\"wp-image-486\" srcset=\"https:\/\/dsg1988.de\/wp-content\/uploads\/2024\/04\/Inet-1024x768.jpg 1024w, https:\/\/dsg1988.de\/wp-content\/uploads\/2024\/04\/Inet-300x225.jpg 300w, https:\/\/dsg1988.de\/wp-content\/uploads\/2024\/04\/Inet-768x576.jpg 768w, https:\/\/dsg1988.de\/wp-content\/uploads\/2024\/04\/Inet.jpg 1369w\" sizes=\"(max-width: 1024px) 100vw, 1024px\" \/><\/figure>\n\n\n\n<p><\/p>\n\n\n\n<p><em>Einfach mal Spa\u00df haben!<\/em> Das ist das Motto unserer breitensportlich ausgerichteten Fu\u00dfballgruppe. Das Training findet w\u00f6chentlich am Freitag ab 20:00 statt. Teilnehmen kann jeder ab 16 Jahre, auch vermeintlich altes Eisen! Neben dem Training treten wir auch zu Hallenturnieren an. Wir freuen uns auf dich!<\/p>\n\n\n\n<p><strong>Wann?<\/strong> <em>Fr. 20.00 \u2013 21.30<br><strong>Wo?<\/strong><em> CJD Sporthalle an der Kleybredde<\/em><br><\/em><strong>Wer? <\/strong>Hr. Josip Brkic und Hr. Daniel Gro\u00df<\/p>\n","protected":false},"excerpt":{"rendered":"<p>Einfach mal Spa\u00df haben! Das ist das Motto unserer breitensportlich ausgerichteten Fu\u00dfballgruppe. Das Training findet w\u00f6chentlich am Freitag ab 20:00 statt. Teilnehmen kann jeder ab 16 Jahre, auch [&hellip;]<\/p>\n","protected":false},"author":1,"featured_media":0,"parent":0,"menu_order":0,"comment_status":"closed","ping_status":"closed","template":"","meta":{"om_disable_all_campaigns":false,"_monsterinsights_skip_tracking":false,"_monsterinsights_sitenote_active":false,"_monsterinsights_sitenote_note":"","_monsterinsights_sitenote_category":0,"footnotes":""},"aioseo_notices":[],"_links":{"self":[{"href":"https:\/\/dsg1988.de\/index.php?rest_route=\/wp\/v2\/pages\/204"}],"collection":[{"href":"https:\/\/dsg1988.de\/index.php?rest_route=\/wp\/v2\/pages"}],"about":[{"href":"https:\/\/dsg1988.de\/index.php?rest_route=\/wp\/v2\/types\/page"}],"author":[{"embeddable":true,"href":"https:\/\/dsg1988.de\/index.php?rest_route=\/wp\/v2\/users\/1"}],"replies":[{"embeddable":true,"href":"https:\/\/dsg1988.de\/index.php?rest_route=%2Fwp%2Fv2%2Fcomments&post=204"}],"version-history":[{"count":3,"href":"https:\/\/dsg1988.de\/index.php?rest_route=\/wp\/v2\/pages\/204\/revisions"}],"predecessor-version":[{"id":487,"href":"https:\/\/dsg1988.de\/index.php?rest_route=\/wp\/v2\/pages\/204\/revisions\/487"}],"wp:attachment":[{"href":"https:\/\/dsg1988.de\/index.php?rest_route=%2Fwp%2Fv2%2Fmedia&parent=204"}],"curies":[{"name":"wp","href":"https:\/\/api.w.org\/{rel}","templated":true}]}}